{"id":1229,"date":"2023-10-03T09:20:01","date_gmt":"2023-10-03T09:20:01","guid":{"rendered":"https:\/\/archipel.conf.citi-lab.fr\/?page_id=1229"},"modified":"2023-10-03T09:20:01","modified_gmt":"2023-10-03T09:20:01","slug":"modeles","status":"publish","type":"page","link":"https:\/\/archipel.conf.citi-lab.fr\/index.php\/modeles\/","title":{"rendered":"Mod\u00e8les"},"content":{"rendered":"\n<p><\/p>\n\n\n\n<p>Mod\u00e8les pour la r\u00e9daction des articles et des synth\u00e8ses:<\/p>\n\n\n\n<ul>\n<li><a href=\"https:\/\/archipel.conf.citi-lab.fr\/wp-content\/uploads\/2023\/10\/ModeleArchipel.odt\" data-type=\"link\" data-id=\"https:\/\/archipel.conf.citi-lab.fr\/wp-content\/uploads\/2023\/10\/ModeleArchipel.odt\">Mod\u00e8le ODT (LibreOffice)<\/a><\/li>\n\n\n\n<li><a href=\"https:\/\/archipel.conf.citi-lab.fr\/wp-content\/uploads\/2023\/10\/ModeleArchipel.pdf\" data-type=\"link\" data-id=\"https:\/\/archipel.conf.citi-lab.fr\/wp-content\/uploads\/2023\/10\/ModeleArchipel.pdf\">Mod\u00e8le PDF<\/a><\/li>\n<\/ul>\n\n\n\n<p><\/p>\n","protected":false},"excerpt":{"rendered":"<p>Mod\u00e8les pour la r\u00e9daction des articles et des synth\u00e8ses:<\/p>\n","protected":false},"author":1,"featured_media":0,"parent":0,"menu_order":0,"comment_status":"closed","ping_status":"closed","template":"","meta":{"footnotes":""},"_links":{"self":[{"href":"https:\/\/archipel.conf.citi-lab.fr\/index.php\/wp-json\/wp\/v2\/pages\/1229"}],"collection":[{"href":"https:\/\/archipel.conf.citi-lab.fr\/index.php\/wp-json\/wp\/v2\/pages"}],"about":[{"href":"https:\/\/archipel.conf.citi-lab.fr\/index.php\/wp-json\/wp\/v2\/types\/page"}],"author":[{"embeddable":true,"href":"https:\/\/archipel.conf.citi-lab.fr\/index.php\/wp-json\/wp\/v2\/users\/1"}],"replies":[{"embeddable":true,"href":"https:\/\/archipel.conf.citi-lab.fr\/index.php\/wp-json\/wp\/v2\/comments?post=1229"}],"version-history":[{"count":2,"href":"https:\/\/archipel.conf.citi-lab.fr\/index.php\/wp-json\/wp\/v2\/pages\/1229\/revisions"}],"predecessor-version":[{"id":1234,"href":"https:\/\/archipel.conf.citi-lab.fr\/index.php\/wp-json\/wp\/v2\/pages\/1229\/revisions\/1234"}],"wp:attachment":[{"href":"https:\/\/archipel.conf.citi-lab.fr\/index.php\/wp-json\/wp\/v2\/media?parent=1229"}],"curies":[{"name":"wp","href":"https:\/\/api.w.org\/{rel}","templated":true}]}}